10221
In base 5, what is -3223330 - 1110?
-3224440
In base 8, what is 3 + -6365304?
-6365301
In base 16, what is 3cf1 - -2df?
3fd0
In base 4, what is 30010033321 + 1301?
30010101222
In base 14, what is 60614b + b?
606158
In base 16, what is 2418 - -809?
2c21
In base 14, what is -404da - 12a?
-40626
In base 5, what is 20 + 1111324122?
1111324142
In base 15, what is -40c + 492?
85
In base 13, what is -50530 - -30?
-50500
In base 13, what is 661a - -3499?
9ab6
In base 13, what is -193 - -13cca?
13b37
In base 2, what is 1101000110101011100110001000 - 11?
1101000110101011100110000101
In base 4, what is -10013 - -323133303?
323123230
In base 2, what is -101 - 10010110011100001001001010?
-10010110011100001001001111
In base 16, what is 0 - -28b30?
28b30
In base 14, what is 3a19256 + 9?
3a19261
In base 5, what is 10 - -123013333031?
123013333041
In base 4, what is -203232303 + 112133?
-203120110
In base 15, what is -18 - d7156?
-d716e
In base 10, what is -1090395 + 0?
-1090395
In base 10, what is 1150680201 + -3?
1150680198
In base 9, what is 8800 + -211?
8578
In base 15, what is 1a + 15359ae?
15359c9
In base 3, what is -11022110 - 122202110?
-211001220
In base 5, what is 410432310342 + 1?
410432310343
In base 5, what is 144113 - 4022114?
-3323001
In base 10, what is 55 - 1440670?
-1440615
In base 11, what is 1 + -686017a?
-6860179
In base 11, what is 14 - 400969?
-400955
In base 9, what is 1 + 164847506?
164847507
In base 2, what is 11011001 - -1100011100000001?
1100011111011010
In base 11, what is 1340a + 245?
13654
In base 14, what is -3ca8 + 388?
-3920
In base 14, what is 1ab + 11818?
119c5
In base 6, what is 50311225 - -21?
50311250
In base 16, what is 22ccd4e - -5?
22ccd53
In base 10, what is 1148 - 320?
828
In base 12, what is -7354 - 4798?
-bb30
In base 10, what is -3665 + 8271?
4606
In base 14, what is -8 + 408bd90?
408bd86
In base 14, what is 120a493 - 17?
120a47a
In base 11, what is -2095 - -15818?
13733
In base 15, what is -967b5c - -4?
-967b58
In base 14, what is 1619a123 - 8?
1619a119
In base 4, what is -13230330032 - 2?
-13230330100
In base 2, what is 110111000110000 - -111111001?
111000000101001
In base 14, what is -44 - cb00d?
-cb053
In base 16, what is 71a - -2600?
2d1a
In base 4, what is 3 + 201003313?
201003322
In base 2, what is -1101 - 10110101110001000010?
-10110101110001001111
In base 10, what is 2514001 - -9?
2514010
In base 9, what is -6 - -617456?
617450
In base 5, what is -4241 + 422111444?
422102203
In base 12, what is -125157 + -209?
-125364
In base 8, what is 7 - -45306440?
45306447
In base 15, what is 5e8bd + -3?
5e8ba
In base 3, what is -20120010 + -110002022?
-200122102
In base 7, what is 3 + -310465645?
-310465642
In base 13, what is -5a + c18c?
c132
In base 13, what is -7896 - -3273?
-4623
In base 12, what is 6 + -81ba7?
-81ba1
In base 13, what is 15 - -360b24c?
360b264
In base 12, what is -29722041 + 0?
-29722041
In base 3, what is 12111110 + -1022000?
11012110
In base 4, what is 231 - 332010233233?
-332010233002
In base 4, what is 302303021 - 122?
302302233
In base 6, what is 134453 + 32202?
211055
In base 3, what is 111 - 20120111222021?
-20120111221210
In base 14, what is -20c907 - -4?
-20c903
In base 4, what is 3001323332010 - 2?
3001323332002
In base 5, what is 1111 + -114430?
-113314
In base 15, what is -39cd0b + -c?
-39cd18
In base 15, what is -3 + 2762bb?
2762b8
In base 10, what is -1911 + -244?
-2155
In base 13, what is -89c6ba + 140?
-89c57a
In base 3, what is 1110021021 - 10020100?
1100000221
In base 14, what is dda - -5bd62?
5cd5c
In base 6, what is 522330 - 11202?
511124
In base 2, what is 11101100001011100101110 - -100110?
11101100001011101010100
In base 13, what is 8a7 - -258a?
3164
In base 4, what is -12000322 + 3020313?
-2320003
In base 10, what is -2360 + -35455?
-37815
In base 6, what is -2523200321 - 2?
-2523200323
In base 5, what is -1213334413 + -1442?
-1213341410
In base 14, what is d6312 + -4a?
d62a6
In base 4, what is -32210232320233 - 2?
-32210232320301
In base 14, what is 12775c - -a?
127768
In base 4, what is -11123310 - -10330?
-11112320
In base 9, what is 1 + -27415456?
-27415455
In base 15, what is 1b2 - -48a6?
4a68
In base 10, what is 0 + -4907104?
-4907104
In base 11, what is -5aa2725a - -4?
-5aa27256
In base 9, what is -61513602 + 1?
-61513601
In base 4, what is 10 - 11220032112013?
-11220032112003
In base 6, what is 25532 - 1001?
24531
In base 12, what is 1abb + bb20a?
101109
In base 10, what is -14 - -11832612?
11832598
In base 4, what is 113 - 201033112?
-201032333
In base 7, what is -140 + 2026622?
2026452
In base 3, what is 10 - -22201220002122?
22201220002202
In base 11, what is -190571 + -201?
-190772
In base 16, what is -45cb - 10e8?
-56b3
In base 2, what is -11101001110110000010 + 110?
-11101001110101111100
In base 13, what is -7 - -1bc8866?
1bc885c
In base 14, what is -131472 - -54?
-13141c
In base 9, what is -280 + -124720?
-125110
In base 9, what is -4 - 45627733?
-45627737
In base 10, what is 10169 + 422?
10591
In base 15, what is -15cdd + -7?
-15ce5
In base 12, what is -9376961 + -9?
-937696a
In base 15, what is 598 + -101?
497
In base 13, what is -1969 + -57a5?
-7441
In base 9, what is -1101550 + 10?
-1101540
In base 15, what is c86 - -83a?
15c1
In base 15, what is 3cdbd + 34?
3ce02
In base 14, what is 22c - 81441?
-81213
In base 8, what is 2615 - 1331?
1264
In base 5, what is 131 + 1001313303?
1001313434
In base 15, what is 4 - -14486645?
14486649
In base 6, what is -1245012355 - -3?
-1245012352
In base 12, what is 10849 + -34a?
104bb
In base 13, what is -38b7a183 - -4?
-38b7a17c
In base 5, what is -10 - -2400041044?
2400041034
In base 9, what is 34348360 - -14?
34348374
In base 5, what is 1100203 - 1124?
1044024
In base 4, what is 110133112 - -31?
110133203
In base 15, what is 10c + -299630?
-299523
In base 5, what is 14140144414 - 10?
14140144404
In base 7, what is 120 + 122502262?
122502412
In base 3, what is 100111110212 - 122222?
100110210220
In base 4, what is -3320113 - -10132311?
212132
In base 16, what is 3a + -23322c?
-2331f2
In base 5, what is -10112213242 - 10?
-10112213302
In base 16, what is 4 - fb1dad?
-fb1da9
In base 8, what is -373564 - -107?
-373455
In base 6, what is -521320 + 1413?
-515503
In base 2, what is 1010 - -1111101000000010111?
1111101000000100001
In base 3, what is 101112002220 - -120022?
101112200012
In base 9, what is 30 + -25013767?
-25013737
In base 10, what is 344878527 - 3?
344878524
In base 16, what is -159 - 8f82?
-90db
In base 10, what is -23956017 - 4?
-23956021
In base 5, what is 202014241201 + -3?
202014241143
In base 6, what is 3 - -2554152452?
2554152455
In base 15, what is -4 + 268935c?
2689358
In base 7, what is 12 - 1446345?
-1446333
In base 6, what is 0 - -3515541443?
3515541443
In base 6, what is -230331204 + 0?
-230331204
In base 16, what is -124ab + 6a7?
-11e04
In base 12, what is -6b45 - 23b8?
-9341
In base 2, what is -1111101001100100 + -110010001101?
-10000011011110001
In base 2, what is 11111000 + 110010010111011010?
110010011011010010
In base 14, what is a + -7b2a8d?
-7b2a83
In base 15, what is 2504 - 1be4?
810
In base 13, what is 52007 - -37a?
52384
In base 15, what is -5 - -294109?
294104
In base 14, what is -c - 1459bb?
-1459c9
In base 14, what is -742 + -49c52?
-4a594
In base 7, what is 4655 + 1211325?
1216313
In base 12, what is 297a794 - -5?
297a799
In base 12, what is 165298 + -454?
164a44
In base 11, what is -103 - -176830?
176728
In base 16, what is de - -12a2?
1380
In base 2, what is -10001000010 + 10010000011111001?
10001110010110111
In base 16, what is 3e269 + 77?
3e2e0
In base 15, what is -bbb + -1ce1?
-29ac
In base 15, what is 5b + -64d99?
-64d3d
In base 6, what is 543403 - 50?
543313
In base 14, what is 6 + -2b9a53d?
-2b9a537
In base 7, what is -3646341001 - -3?
-3646340665
In base 6, what is 2232454020 + -5?
2232454011
In base 11, what is -8630a99 - 6?
-8630aa4
In base 5, what is 104120342012 + -2?
104120342010
In base 7, what is -4 + 6233221535?
6233221531
In base 7, what is 42203314 - -2?
42203316
In base 16, what is 354 + -e45?
-af1
In base 12, what is 5 + 8948b8?
894901
In base 7, what is -1 + -143454100?
-143454101
In base 15, what is -297483 - -6e?
-297414
In base 10, what is 20109 - 8